pose 3*a - 5*z - 1035 = 0, 35 = 4*a + 3*z - 1374. Suppose -3*f - 2*m = -190, 5*f - 4*m = m + a. Let r = -52 + f. What is the tens digit of r?
1
Let u(s) = 46698*s**2 - 46*s + 48. What is the tens digit of u(1)?
0
Suppose -z + 40 = z. Let i be (7/(-7))/((-360)/32 - -11). Suppose 0 = -4*y - z, -178 = -p + i*y - 0*y. What is the tens digit of p?
5
Let p(v) = 12*v - v + 13*v + 4*v**2 - 48 - 5*v. What is the hundreds digit of p(6)?
2
Suppose 4*r - 3*r = 123. Suppose u - 4*j + 42 = 0, -2*u + 4*j = -6*u - 228. Let i = r - u. What is the units digit of i?
7
Suppose -w = w - 5*o - 20, 0 = 5*o + 10. Let q be 0 + (4 - 4) + w + -2. Let a(s) = 7*s**3 + s**2 + 4*s - 2. What is the hundreds digit of a(q)?
2
Let f be -102*(2/(-5))/(3/5). Let w = f - 65. What is the tens digit of 87 + (w - -1 - 4)?
8
Let c = 23 + 117. Let m = c - 85. What is the tens digit of m?
5
Let n = 28575 - 13874. What is the ten thousands digit of n?
1
Let c(f) = 845*f**2 + 0 - 1 - 996*f + 997*f. What is the tens digit of c(-1)?
4
Let o = 8564 + -299. What is the hundreds digit of o?
2
Let d be (-2146)/(-12) + (-2)/(-12). Suppose -3*l - 31 = y, -4*y + l - d = 2*l. What is the units digit of 60/(-12)*y/5?
6
Suppose -3*c = -4*p - 109, -67*c - 3*p = -72*c + 178. Let u(h) = -9*h - 2. Let s be u(6). Let t = c - s. What is the units digit of t?
1
Let w(l) = 55*l**2 + 28*l - 181. What is the hundreds digit of w(-11)?
1
Let z(x) = 20*x**3 - 10*x**2 - 14*x + 126. What is the thousands digit of z(8)?
9
Let n be (-2246)/6 - (-99)/297. Let b = n + 524. What is the hundreds digit of b?
1
Suppose 581*b = 587*b - 12630. Suppose 5*p + 3*s - 981 - 4298 = 0, -2*p + s + b = 0. What is the tens digit of p?
5
What is the hundreds digit of 49032/20 - 14/(-35)?
4
Suppose 8*a - 12088 = 1832. Suppose 406*u - 410*u = -a. What is the units digit of u?
5
Let f(d) = -158 - 159 + 330 + 10*d. What is the units digit of f(6)?
3
Suppose -241*y + 1540471 = 228467. What is the tens digit of y?
4
Suppose 0 = l - 6 + 1. Suppose -11*s + 440 - 407 = 0. Suppose -s*x = -l*x + 172. What is the tens digit of x?
8
Let q(k) = 141*k + 90. Suppose -2*y - 2*t = -22, 5*t - 2 = y - 7. What is the units digit of q(y)?
0
Let y be (0 - 36)/((-7)/(245/(-10))). Let v = y - -580. What is the units digit of v?
4
Let p = 63 + -111. Let v be ((-108)/p)/(6/16). Suppose -v*r = -845 - 439. What is the units digit of r?
4
Suppose -43*q + 297280 = -1037225. What is the hundreds digit of q?
0
Let f(p) = 48*p**2 + 10*p + 235. What is the thousands digit of f(11)?
6
Let r = 12310 - -19970. What is the tens digit of r?
8
Let o = 1270 - -807. What is the tens digit of o?
7
Let b(z) = 347*z - 675. What is the tens digit of b(15)?
3
Let k(s) = 1239*s - 3542. What is the hundreds digit of k(26)?
6
Let p(v) = -23*v**3 - 3*v**2 - 12*v - 31. Let g be p(-3). Let i = 1039 - g. What is the tens digit of i?
4
Let c be 2*54/48*4. What is the tens digit of (-16)/48 - (-3126)/c?
4
Let f be -3*3*12/(-27). Let x(m) = -m**3 + 2*m**2 - 2*m + 8. Let r be x(f). What is the units digit of (-2)/(16/(-678)) - (-24)/r?
4
Let i be (-1)/2 + (-658)/(-188). Suppose -i*z + 2*c + 2193 = -936, 0 = 2*z + c - 2086. What is the hundreds digit of z?
0
Suppose -4*h + 9 = -13*h. Let b be 20/8*(h + 163). Suppose -91*w - b = -96*w. What is the tens digit of w?
8
Let q = 162 + -288. Let d = 119 + q. What is the units digit of 4 + (76 - (2 + d))?
5
Suppose 10 = i - 5. Suppose 16*j - 1354 = i*j. What is the tens digit of (-2)/(-7) - j/(-14)?
9
Let v(d) = 5*d**2 + 321*d - 2737. What is the hundreds digit of v(-122)?
5
Let c(b) = -b + 1. Let q(h) = -11*h + 8. Let u(j) = -2*c(j) - q(j). Let n be u(7). Let k = n + -18. What is the units digit of k?
3
Suppose -h - 4*h + 35 = 0. Let l be (-24 - 2)/((-1)/(4 + 5)). Suppose -h*x = -x - l. What is the tens digit of x?
3
Suppose 3*h = -4*y - 1193, h = 4*y - 104 - 299. Let d = 1135 + h. What is the hundreds digit of d?
7
Suppose -52*v = -22*v - 131880. Suppose 0 = 5*o + c - v, 4*c + 3 = -13. What is the tens digit of o?
8
Let b(y) be the third derivative of -35*y**4/24 - 68*y**3/3 + 22*y**2. What is the units digit of b(-28)?
4
Suppose 0 = 4*z - 3*b - 10, 2*z + 2*z - 22 = -3*b. Suppose 7*s = z*s. Suppose 0*u + 2*u = -2*k + 126, s = 3*k - 12. What is the units digit of u?
9
Suppose 4*k + 0 = 8, -2*z = -2*k - 10. Suppose 3*w - 4*a = 300, -z*a = w - 4*a - 113. What is the units digit of w?
4
Let t be -8*(-1 - 2/(-4)). Suppose 48 = 11*i - 73. Suppose -55 = -t*n - i. What is the tens digit of n?
1
Suppose -5*n + 4*m + 220 = -n, 4*m + 167 = 3*n. Let s = -38 + n. Let y = 128 - s. What is the tens digit of y?
1
Suppose 2*i + 2*r - 97228 = 38022, 8*i - 4*r - 541084 = 0. What is the thousands digit of i?
7
Let w be 2 + (4 - 2) + -1054. Suppose 3*f + 38 = 4*z - 94, 5*z - 172 = 2*f. What is the tens digit of w/(-27) + 4/z?
3
Let p = 1172 + 530. Suppose 5*b - p = -2*t, 103 = b - 5*t - 259. What is the units digit of b?
2
Suppose 2*t + 299 + 277 = 0. Let q = -78 - t. What is the tens digit of q?
1
Let s(g) = 2*g**3 + 11*g**2 + 146*g - 29. Let k(y) = -3*y**3 - 17*y**2 - 218*y + 44. Let c(p) = -5*k(p) - 8*s(p). What is the hundreds digit of c(-11)?
8
Suppose 4*t + 12104 = 4*u - 38180, 62801 = 5*u + 4*t. What is the tens digit of u?
6
Let f be (-4)/6*(-375)/(-10). Suppose -3*g - 2*t - 85 + 6 = 0, -3*g - 4*t = 89. Let a = g - f. What is the units digit of a?
2
Let a = 0 + 2. Let z(y) = 27*y**3 - y**2 + 19*y + 3. Let f(u) = -9*u**3 - 7*u - 1. Let d(v) = 11*f(v) + 4*z(v). What is the tens digit of d(a)?
5
Let x be -6*(-9)/5*(6 + -1). Let n = 10 + x. Suppose 2*d - 44 = n. What is the tens digit of d?
5
Suppose 0 = -4*h - 20, -5*r - 55 + 150 = -2*h. Let w(s) = s**2 + 6*s - 6. Let o be w(-9). Suppose -o*a + 196 = -r*a. What is the tens digit of a?
4
Let z be (-2)/3 - -1*(-104390)/(-30). Suppose -8*m - 143 = -z. What is the tens digit of m?
1
Let w be -2 - (-22)/4 - (-11)/(-22). Suppose 5*s = w + 7. Suppose -3*v + 0*a - s*a = -65, 4*v + 5*a - 89 = 0. What is the units digit of v?
1
Let t(a) = 3*a + 142. Let r be t(-18). Suppose 450 = 5*u + 5*m, 4*u + 2*m = 262 + r. What is the units digit of u?
5
Suppose -12*q + 6000 + 5985 - 2769 = 0. What is the tens digit of q?
6
Suppose 0 = 4*f + g - 104, 4*f - 113 + 17 = -3*g. Suppose -31*y - 98*y + 21359 = 5621. Suppose 4*j = -z + y, f = j + z + z. What is the units digit of j?
1
Let h(z) = -z**3 + 32*z**2 + 19*z - 111. Suppose -3*b = 6*b - 288. What is the units digit of h(b)?
7
Let b(c) = 2*c**2 - c - 8. Let o be b(-6). Let n = -7051 - -7038. Let x = o + n. What is the units digit of x?
7
Suppose -8*x + 10*x - 7 = m, 0 = 2*m - 10. What is the hundreds digit of x/(-20)*2 - 4479/(-15)?
2
Let k be (-1052)/32*-2 + 3/12. Let g = 70 - k. Suppose -4*l + l - 4*u = -248, -g*u = l - 96. What is the tens digit of l?
7
Let p = -20021 - -33659. What is the thousands digit of p?
3
Let u(d) = d**3 - 17*d**2 - 40*d + 40. Let l be u(19). Suppose 0 = -2*a - l*f + 302, 0 = 4*a - 4*f - f - 568. What is the units digit of a?
7
Suppose 12*v - 94705 = 227. What is the thousands digit of v?
7
Suppose -y - 3 = -4*k - 8, k = 0. Suppose 0 = -y*h + 6*h - 86. Suppose -5*v - h + 406 = 0. What is the tens digit of v?
6
Suppose 5*r - 20869 = -3*i, -7*r - 2*i + 8350 = -5*r. What is the tens digit of r?
7
Suppose -2*b + 4568 = 4*s - 2*s, 0 = -3*s + 12. Suppose 6*w = w + b. What is the units digit of w?
6
Let h(b) = 7*b**2 + 24*b - 1718. What is the ten thousands digit of h(-78)?
3
Suppose 9033 = -16*r - 1703. Let a = 780 - r. What is the hundreds digit of a?
4
Suppose -f - 2*f = -c + 35, -c - 4*f = 0. Suppose 58 + c = o. What is the tens digit of o?
7
Suppose -5*g = -2*g + l - 794, 5*l - 25 = 0. Suppose 2*t = -3*x + g, 610 = 5*t - 10*x + 8*x. What is the hundreds digit of t?
1
Let c(u) = 2*u**2 + 11*u + 8. Let i be c(-5). Suppose -i*h - 10 + 718 = 0. What is the hundreds digit of h?
2
Let l(j) = 2655*j - 731. What is the units digit of l(4)?
9
Let u = -1182 + 2057. Suppose -5*s + h = -0*h + u, 729 = -4*s - 5*h. Let b = 256 + s. What is the tens digit of b?
8
Let p = -52 + 48. Let m be 235 + (p - -2) + 1. Suppose -11*b + m = -2*b. What is the units digit of b?
6
Let l = 3554 + 12877. What is the ten thousands digit of l?
1
Suppose -409 = 5*j + 4*s, 5*s - 70 = 3*j + 16